mmon factor of p and z?
4
Let q = -915 - -1464. What is the greatest common factor of q and 244?
61
Let a = -10 - 13. Suppose -5*l = x - 42, 3*x + l + 2 = 142. Let m = x + a. Calculate the greatest common divisor of 60 and m.
12
Let c = -302 - -344. Calculate the highest common divisor of c and 6.
6
Let j(y) = -70*y - 368. Let u be j(-23). Calculate the greatest common divisor of u and 108.
54
Suppose 0 = 4*y, 2*y = -42*o + 45*o - 186. Calculate the greatest common divisor of 14 and o.
2
Suppose 1433 - 8093 = -20*j. Let v be ((-74)/8)/(2/(-8)). Calculate the highest common factor of v and j.
37
Suppose 9*l - 16 = 11*l. Let k = 28 + l. Suppose 4*s = s, -3*b + 150 = -2*s. Calculate the highest common divisor of k and b.
10
Let s be (-2)/(-17) + -3*1322/(-102). Suppose 5*k - 8*k + s = 0. What is the highest common factor of k and 91?
13
Let w = -104 - -103. Let d be w - (-3)/(-3)*-23. What is the highest common factor of 22 and d?
22
Suppose -9*w + 4*w + 35 = 0. Suppose -4*q + 3*a + 31 - 3 = 0, 0 = q - a - 7. Suppose -182 = -5*y - q. Calculate the highest common factor of w and y.
7
Let r be (-2)/9 + 249/27. Let o(t) = -t + 8. Let h(l) = -2*l + 15. Let p(b) = 3*h(b) - 5*o(b). Let d be p(-4). Calculate the highest common factor of d and r.
9
Let n(b) = 29*b + 698. Let l be n(-22). Calculate the highest common factor of 270 and l.
30
Let h = -293 + 348. What is the greatest common factor of 880 and h?
55
Suppose -79 = -4*c + c - 2*v, c - v - 28 = 0. Calculate the highest common divisor of 18 and c.
9
Let h(z) = z**3 - 5*z**2 + 12*z + 14. Let m be h(7). Calculate the highest common divisor of 14 and m.
14
Let n(u) be the second derivative of u**4/6 - 7*u**3/6 - 7*u**2/2 - 14*u. Let w be n(-2). Calculate the highest common divisor of 15 and w.
15
Let c be (0 - (-30)/7) + (-192)/672. What is the highest common divisor of 324 and c?
4
Let f = 23 + -10. Calculate the highest common divisor of f and 1417.
13
Let y = -451 + 1166. Suppose -y = -8*h + 3*h. Let d be 14/4*1430/385. Calculate the greatest common divisor of h and d.
13
Suppose 14*b = 12*b + 40. Suppose -60 - b = -10*z. What is the greatest common divisor of 8 and z?
8
Let m be (716/(-8) - 3)*(-12)/15. Suppose 2*a = 294 - m. Calculate the greatest common divisor of 10 and a.
10
Let o(s) = s**2 - 9*s - 11. Let h be o(11). Calculate the highest common divisor of h and 11.
11
Let k = 21 - 18. Suppose 8*c - k*c = 1120. Suppose 6*i + c = 8*i. What is the highest common divisor of i and 14?
14
Suppose -2*w + 584 = f, 4*f - 2360 = 50*w - 52*w. What is the highest common divisor of 16 and f?
16
Suppose -2*a = -u + 14, -a + 9 = 2*a. Calculate the greatest common divisor of u and 310.
10
Let p(y) = -21*y + 5. Let t(a) = -62*a + 14. Let r(v) = 17*p(v) - 6*t(v). Let g be r(1). Let z = -169 + 297. Calculate the highest common factor of g and z.
16
Suppose -14 = l - 7. Let u be (8/14)/((-2)/l*1). What is the highest common divisor of u and 1?
1
Let t be 13/((-520)/(-16)) - 1024/10. Let s = t - -103. Calculate the greatest common factor of 9 and s.
1
Let a be 15 + 0 + 26 + -21. What is the greatest common divisor of 90 and a?
10
Let l(j) = j**3 - 21*j**2 + 8. Let a be l(22). What is the greatest common divisor of 12 and a?
12
Let o(q) = 13*q**2 - 4. Let d be o(-2). Suppose -12*g = -10*g - d. Calculate the highest common divisor of g and 12.
12
Let d(g) = -g**3 - 13*g**2 + 49*g + 14. Let v be d(-16). Let a be (3/3)/(v/(-594)). What is the highest common divisor of 27 and a?
27
Let b(l) = 5*l + 67. Let k be b(-3). What is the highest common divisor of 39 and k?
13
Let d(l) = 2*l**3 + 11*l**2 - l + 9. Let w be d(-8). Let v = 428 + w. Suppose 2*z + 2*r = 58, -4*z - z + v = r. Calculate the highest common divisor of 6 and z.
6
Let s = 602 + -510. Calculate the greatest common divisor of s and 322.
46
Let p(s) = 36 - 2*s - 6*s - 11*s + 4*s**2 - 3*s**2. Let q be p(17). Calculate the greatest common divisor of q and 5.
1
Suppose 4*s + 5*n - 11 = 0, 3*s - 11 = -2*n - 1. Let j = 679 - 667. What is the greatest common factor of s and j?
4
Suppose 2*c = -8, -5*c - 23 = v - 2*v. Let g be v - 0*(-1)/(-3) - -10. What is the highest common divisor of 104 and g?
13
Let k(o) = -2*o**3 - 14*o**2 - 15*o + 8. Let n be k(-6). What is the highest common factor of 702 and n?
26
Suppose -3*d - 2*d = -20. Suppose -d*k = 3*u + 32, -2*k + 11 = -2*u - 15. Let z be ((1 - 0) + u)*-1. Calculate the highest common factor of 77 and z.
11
Suppose -1344 = 282*t - 288*t. Calculate the greatest common divisor of 32 and t.
32
Suppose -52 = -3*z + 5*f, -2*z = -3*z - 4*f - 11. Let d = z - 7. Suppose d*j - 3*j + 88 = 0. What is the highest common divisor of 22 and j?
22
Suppose 2*k - 1050 = -2*d, -2*d - 4 = 2*d. Let r = k + -247. Calculate the greatest common factor of 9 and r.
9
Let w = 24 - 13. Let q = -18 - -18. Suppose g - 52 - 25 = q. Calculate the greatest common divisor of g and w.
11
Suppose -3 + 471 = 6*a. Let c be (-26)/(-8) + (-3)/12. Suppose -5*i - 58 = -c*v, -5*i + 7 = -2*v + 39. Calculate the highest common factor of v and a.
26
Suppose 0 = 11*l - 483 + 351. Suppose -79 = -3*p + 29. Calculate the highest common factor of l and p.
12
Suppose 9*r - 21*r + 18288 = 0. Calculate the highest common divisor of r and 12.
12
Suppose -249 = -7*y - 4. Suppose -5*n = -2*z - y, z + 1 = n - 3. What is the highest common divisor of n and 27?
9
Let b = 15 + -9. Suppose -b*a + a = -170. Calculate the highest common factor of 85 and a.
17
Suppose 0 = 8*d - 12*d + a + 91, 0 = 3*d - 4*a - 78. Calculate the highest common divisor of d and 1001.
11
Let n be (3 - -1)/((-8)/(-6)). What is the highest common factor of n and 147?
3
Let o be (252/27)/(14/84). Calculate the highest common divisor of 70 and o.
14
Suppose -142*a = -148*a + 30. Calculate the highest common factor of 10 and a.
5
Let l(q) = 4*q**2 - 18*q - 7. Let z be l(5). Suppose f + 16 = 2*b + z*f, -3*b - f = -32. Calculate the greatest common factor of 8 and b.
4
Suppose -103*w + 40 = -269. Calculate the highest common divisor of w and 879.
3
Let u = -14 - -12. Let n = u + 7. Suppose -n*a - 3*v + 59 = v, -2*v + 35 = 3*a. What is the greatest common factor of 77 and a?
11
Let g = 71 + -76. Let f(a) = 3*a + 45. Let u be f(g). Calculate the greatest common factor of 10 and u.
10
Suppose -4*j = -1197 + 157. Calculate the greatest common factor of j and 4.
4
Suppose -v = 3*v - 8. Suppose 8*n = -17 + 177. What is the greatest common divisor of n and v?
2
Let x(c) = -7 + 3 + c**2 + 0*c**2 - 7*c. Let k be x(8). Let h be 110*(135/25 - 5). What is the greatest common divisor of h and k?
4
Suppose 0 = -3*r + 5*h - 0*h + 170, 92 = 2*r + 2*h. Let g = r + -21. What is the greatest common divisor of g and 319?
29
Let s(g) = -3*g + 102. Let r be s(-8). Let z be -4*(-2)/(4/3). Suppose t + 5*a = -z + 29, 2*t = -4*a + 40. What is the highest common factor of t and r?
18
Let z = -36 + 241. What is the greatest common factor of z and 41?
41
Let u = 2 - -1. Suppose -u*t + 4 = -11. Let d = 124 - 123. Calculate the highest common factor of t and d.
1
Let v = 57 - 35. Let s = v + -14. Let a be 79 - 1 - (-3 - (4 + -5)). Calculate the highest common factor of a and s.
8
Suppose 2*j = 5*j - r - 23, -2*j + 14 = -r. What is the greatest common divisor of 3744 and j?
9
Suppose -71*j = -38*j - 792. Calculate the highest common factor of 84 and j.
12
Let b be 50*-1*1/(-2). Let q be (-4)/14 - 1404/(-14). What is the greatest common divisor of q and b?
25
Let x(h) = -h**2 - 3*h + 8. Let s be x(-5). Let z be (s/(-2))/(4/52). What is the highest common factor of 104 and z?
13
Suppose 12*n - 267 = -75. Suppose l + 1 = 2*q, 4*q - n = -4*l + 2*q. What is the greatest common factor of 6 and l?
3
Let s = 14 - -1. Let h be (9/2 + -5 + -1)*-30. What is the highest common factor of s and h?
15
Suppose m + 2*z + 1 + 19 = 0, -3*m = -4*z + 90. Let p = -17 - m. Calculate the greatest common factor of p and 81.
9
Suppose -114*n + 2583 = 531. Calculate the highest common divisor of n and 8.
2
Let n = 1847 - -1662. What is the highest common factor of 29 and n?
29
Let f be 59 - ((-1)/(1/(-5)) - 0). Suppose -3*t + 20 = 2. Calculate the greatest common factor of t and f.
6
Let k = 68 + 28. Let g = -11 + 23. What is the greatest common divisor of k